{"id":56,"date":"2020-04-10T13:03:31","date_gmt":"2020-04-10T13:03:31","guid":{"rendered":"http:\/\/christianullmann.de\/?page_id=56"},"modified":"2020-05-02T13:15:08","modified_gmt":"2020-05-02T13:15:08","slug":"danksagungen","status":"publish","type":"page","link":"https:\/\/christianullmann.de\/?page_id=56","title":{"rendered":"Danksagungen"},"content":{"rendered":"\n<p>Mein erster Dank geht an das Unity-Team, das mir die Unity-Engine kostenfrei f\u00fcr die Entwicklung zur Verf\u00fcgung gestellt hat.<\/p>\n\n\n\n<p>Mein zweiter Dank geht an das Blender-Team, das mit das Programm f\u00fcr die Modellierung von 3D-Objekten kostenfrei f\u00fcr die Entwicklung zur Verf\u00fcgung gestellt hat.<\/p>\n\n\n\n<p>Mein dritter Dank geht an das Gimp-Team, das mir das Programm f\u00fcr die Bearbeitung von 2D-Objekten f\u00fcr Sprites und Texturen zur Verf\u00fcgung gestellt hat.<\/p>\n\n\n\n<p>Seit der Web-Bereitstellung brauche ich auch Filezilla und das Strato-Team hat meinen Horizont f\u00fcr die Web-Bearbeitung dankenswerterweise wesentlich erweitert.<\/p>\n\n\n\n<p>Und nicht zuletzt danke ich auch meinen S\u00f6hnen Johannes und Manuel f\u00fcr manche Anregung und Hilfe, insbesondere bei der Konzeptarbeit.<\/p>\n\n\n\n<p><\/p>\n","protected":false},"excerpt":{"rendered":"<p>Mein erster Dank geht an das Unity-Team, das mir die Unity-Engine kostenfrei f\u00fcr die Entwicklung zur Verf\u00fcgung gestellt hat. Mein zweiter Dank geht an das Blender-Team, das mit das Programm f\u00fcr die Modellierung von 3D-Objekten kostenfrei f\u00fcr die Entwicklung zur Verf\u00fcgung gestellt hat. Mein dritter Dank geht an das Gimp-Team, das mir das Programm f\u00fcr &hellip; <\/p>\n","protected":false},"author":1,"featured_media":0,"parent":18,"menu_order":700,"comment_status":"closed","ping_status":"closed","template":"","meta":[],"_links":{"self":[{"href":"https:\/\/christianullmann.de\/index.php?rest_route=\/wp\/v2\/pages\/56"}],"collection":[{"href":"https:\/\/christianullmann.de\/index.php?rest_route=\/wp\/v2\/pages"}],"about":[{"href":"https:\/\/christianullmann.de\/index.php?rest_route=\/wp\/v2\/types\/page"}],"author":[{"embeddable":true,"href":"https:\/\/christianullmann.de\/index.php?rest_route=\/wp\/v2\/users\/1"}],"replies":[{"embeddable":true,"href":"https:\/\/christianullmann.de\/index.php?rest_route=%2Fwp%2Fv2%2Fcomments&post=56"}],"version-history":[{"count":2,"href":"https:\/\/christianullmann.de\/index.php?rest_route=\/wp\/v2\/pages\/56\/revisions"}],"predecessor-version":[{"id":73,"href":"https:\/\/christianullmann.de\/index.php?rest_route=\/wp\/v2\/pages\/56\/revisions\/73"}],"up":[{"embeddable":true,"href":"https:\/\/christianullmann.de\/index.php?rest_route=\/wp\/v2\/pages\/18"}],"wp:attachment":[{"href":"https:\/\/christianullmann.de\/index.php?rest_route=%2Fwp%2Fv2%2Fmedia&parent=56"}],"curies":[{"name":"wp","href":"https:\/\/api.w.org\/{rel}","templated":true}]}}