{"id":51,"date":"2020-04-10T12:58:13","date_gmt":"2020-04-10T12:58:13","guid":{"rendered":"http:\/\/christianullmann.de\/?page_id=51"},"modified":"2022-05-22T07:51:20","modified_gmt":"2022-05-22T07:51:20","slug":"objektbedienung-2","status":"publish","type":"page","link":"https:\/\/christianullmann.de\/?page_id=51","title":{"rendered":"Zugbedienung"},"content":{"rendered":"\n<p>Die Einzelbedienungen f\u00fcr die Definition und den Betrieb eines Schienensystems sowie f\u00fcr den Betrieb der Z\u00fcge sind etwas verstreut und werden hier daher zusammengefasst dargestellt.<\/p>\n\n\n\n<p><strong>\u00dcberblick<\/strong>: Ohne Schienensystem kein Zug. Das Schienensystem muss erst mit der Funktion &#8222;Schienen legen&#8220; definiert\/angelegt werden. Ist das Schienensystem einmal fertig &#8211; es kann beliebig viele Schienensysteme geben &#8211; kann pro Schienensystem zur Zeit nur ein Zug aufgesetzt werden. Eine Erweiterung auf mehrere Z\u00fcge ist geplant.<br>Z\u00fcge fahren im Automaikbetrieb, wenn sie einmal gestartet sind, immer bis zum n\u00e4chsten roten Signal. Sie fahren auch wieder an, wenn das Signal gr\u00fcn wird. Somit ist eine Zugsteuerung wie im Stellwerk m\u00f6glich.<br>Zus\u00e4tzliche M\u00f6glichkeiten wie An- und Abkuppeln findet man im Fahrmodus, in dem man immer genau eine Lok steuern kann. <\/p>\n\n\n\n<p>Funktion <strong>Schienen legen<\/strong>: Das geht im Baumodus (Funktionsmen\u00fc). Zuerst muss man mit der Kamera zu der Stelle fahren, an der man die erste Schiene legen will. Die Drehung der Kamera bestimmt auch die Ausrichtung der <strong>ersten Schiene<\/strong> (es wird im 22.5-Grad-Raster gerastert). Dann kann man entweder eine gerade oder eine gebogene Schiene legen (und legt damit implizit ein ganzes Schienensystem an).<br>Ein <strong>Schienensystem<\/strong> kann aus geraden und gebogenen Schienen, Weichen, Prellb\u00f6cken und Signalen bestehen. Ein Schienensystem wird immer eine Schiene nach der anderen gelegt und auf Anforderung auch zur\u00fcckgebaut. L\u00fccken zwischen den Schienen gibt es nicht. Anschl\u00fcsse an offene Enden sind m\u00f6glich, allerdings gibt es nur bei geraden Schienen die M\u00f6glichkeit einer L\u00e4ngenanpassung, bei gebogenen Schienen muss der Anschluss exakt passen.<br><strong>Gerade und gebogene Schienen<\/strong> kann man nach vorw\u00e4rts, rechts, links und jeweils nach oben und falls m\u00f6glich auch nach unten legen. Die Schwerkraft spielt dabei keine Rolle, Schienen bleiben da, wo sie einmal hingelegt wurden.<br><strong>Weichen<\/strong> kann man vorw\u00e4rts, r\u00fcckw\u00e4rts, gebogen oder gerade legen (mehr M\u00f6glichkeiten gibt es nicht). Einfach mal ausprobieren was passt und zur Not zur\u00fccknehmen.<br><strong>Offene Enden<\/strong> entstehen beim Legen von Weichen. An offenen Enden kann sp\u00e4ter weiter gebaut werden.<br>Funktion<strong> Abschliessen<\/strong>: Beim dieser Funktion werden alle offenen Enden durch Prellb\u00f6cke abgeschlossen.<br><strong>Kollisionspr\u00fcfung<\/strong>: Die Schienen d\u00fcrfen nicht mit anderen Objekten kollidieren, also bitte immer mindestens den Platz f\u00fcr einen Prellbock lassen. Notfalls muss man zur\u00fcckgehen.<br>Mit dem Knopf <strong>Fertig <\/strong>wird das Schienensystem abgeschlossen und damit ist dann die M\u00f6glichkeit, einen Zug aufzusetzen, gegeben.<br><strong>Signale:<\/strong> Signale k\u00f6nnen w\u00e4hrend des Schienenbaus angelegt werden, sie k\u00f6nnen aber auch noch sp\u00e4ter nachger\u00fcstet werden. Des Signalabstand sollte so gro\u00df sein, dass alle definieren Z\u00fcge vor dem Signal halten k\u00f6nnen ohne noch in einen anderen Block hineinzureichen, sonst wird sp\u00e4ter der hintere Block f\u00fcr andere Z\u00fcge gesperrt. Signale k\u00f6nnen nur an geraden oder gebogenen Schienen angebracht werden, weil bei Weichen nicht klar ist, in welche Richtung gefahren wird.<\/p>\n\n\n\n<p>Funktion <strong>Zug aufsetzen<\/strong>: Der Knopf daf\u00fcr liegt im Baumen\u00fc rechts neben dem Knopf &#8222;Schienen legen&#8220;. Es wird eine Lok ohne oder mit Wagen aufgesetzt. Dabei wird die Lok und auch sp\u00e4ter die Wagen immer auf der 1. Schiene aufgesetzt (m\u00f6glicherweise gibt es noch Probleme bei gebogenen 1. Schienen). Der Zug kann nur aufgesetzt werden wenn auch gen\u00fcgend Gleise f\u00fcr das Aufsetzen vorhanden sind. Die Lok f\u00e4hrt beim Aufsetzen immer geradeaus.<\/p>\n\n\n\n<p><strong>Signalsteuerung<\/strong>: Signale k\u00f6nnen auf unterschiedliche Weise bedient werden:<br>&#8211; Durch Klick mit der rechten Maustaste auf die Lampe des Signals.<br>&#8211; Nach dem Selektieren des Signals im Objektmen\u00fc (hier kann ein Signal auch abgeschaltet werden).<br>&#8211; Durch einen Klick im interaktiven Schienenabbild (dahin kommt man, wenn man eine Schiene selektiert und das Schienenabbild im Objektmen\u00fc \u00f6ffnet).<br>&#8211; \u00dcber das Men\u00fc eines Eisenbahnszenarios.<\/p>\n\n\n\n<p><strong>Loksteuerung<\/strong> im Fahrmodus: Den Fahrmodus findet man im Baumen\u00fc und auch im Hauptmen\u00fc. F\u00fcr den Fahrmodus muss eine Lok ausgew\u00e4hlt werden, die dann gesteuert werden kann. Der Fahrmodus bietet den Zugriff auf alle Funktionen der Lok: Beschleunigen, Abbremsen im Handbetrieb (Vorsicht: Reiner Handbetrieb, keine Signalwirkung, keine Sicherung gegen Entgleisen durch zu schnelles Fahren).<br>Automatikbetrieb : Der Automatikbetrieb kann nur angew\u00e4hlt werden, wenn die Feststellbremse gel\u00f6st ist.<br>Entkuppeln: Entkuppeln muss aktiviert werden, die Lok kuppelt beim Auffahren automatisch.<br>Weichensteuerung: N\u00e4chste Weiche links\/rechts<br>Kamerasteuerung: Just for fun.<br>Alle Bedienungen \u00fcber das Lokmen\u00fc.<\/p>\n\n\n\n<p><strong>Fahrwege<\/strong>: <br>Fahrwege werden im Schienenabbild gelb markiert und k\u00f6nnen dort angelegt und gel\u00f6scht werden.<\/p>\n\n\n\n<p>Es gibt 2 Arten von Fahrwegen:<br>1. <strong>Fester Fahrweg<\/strong>: Der feste Fahrweg wird einmal eingerichtet und bleibt erhalten bis er explizit gel\u00f6scht wird. Pro Fahrweg kann nur ein Zug fahren. F\u00e4hrt eine Lok in einen Fahrweg ein bleibt sie auf dem Fahrweg bis sie das Ende erreicht oder per Handsteuerung an einer Weiche abbiegt. Der Fahrweg wird im Schienenabbild angelegt indem man auf die Startschiene klickt und dann in der Erweiterung des Schienenabbilds auf &#8222;Fahrweg starten&#8220;. Klickt man anschlie\u00dfend auf eine 2. Schiene wird der Fahrweg falls m\u00f6glich angelegt.  Klickt man in einem bestehenden Fahrweg eine Schiene an gibt es die M\u00f6glichkeit den Fahrweg zu l\u00f6schen. Es gibt auch die M\u00f6glichkeit, einen Fahrweg fortzusetzen wenn die Automatik den Fahrweg im ersten Schritt nicht so wie gew\u00fcnscht legt.<br>2. <strong>Fahrweg f\u00fcr Lok<\/strong>: Dieser Fahrweg dient dazu, eine Lok auf einfache Art zu einem Ziel zu bringen. Der Fahrweg wird blockweise gel\u00f6scht wenn die Lok ihn abgefahren hat. F\u00fcr einen Lokfahrweg muss man im Schienenabbild zuerst auf eine Lok klicken, danach auf den Zielpunkt. (Man braucht daf\u00fcr nicht die Erweiterung des Schienenabbilds.)<\/p>\n\n\n\n<p>Men\u00fc eines <strong>Eisenbahnszenarios<\/strong>: Im Men\u00fc eines Eisenbahnszenarios sind die wichtigsten Bedienungen auch m\u00f6glich, um einen einfacheren Einstieg zu erm\u00f6glichen. Von dort aus kann aber auch die komplette Bedienung freigegeben werden.<\/p>\n\n\n\n<p><\/p>\n","protected":false},"excerpt":{"rendered":"<p>Die Einzelbedienungen f\u00fcr die Definition und den Betrieb eines Schienensystems sowie f\u00fcr den Betrieb der Z\u00fcge sind etwas verstreut und werden hier daher zusammengefasst dargestellt. \u00dcberblick: Ohne Schienensystem kein Zug. Das Schienensystem muss erst mit der Funktion &#8222;Schienen legen&#8220; definiert\/angelegt werden. Ist das Schienensystem einmal fertig &#8211; es kann beliebig viele Schienensysteme geben &#8211; kann &hellip; <\/p>\n","protected":false},"author":1,"featured_media":0,"parent":20,"menu_order":70,"comment_status":"closed","ping_status":"closed","template":"","meta":[],"_links":{"self":[{"href":"https:\/\/christianullmann.de\/index.php?rest_route=\/wp\/v2\/pages\/51"}],"collection":[{"href":"https:\/\/christianullmann.de\/index.php?rest_route=\/wp\/v2\/pages"}],"about":[{"href":"https:\/\/christianullmann.de\/index.php?rest_route=\/wp\/v2\/types\/page"}],"author":[{"embeddable":true,"href":"https:\/\/christianullmann.de\/index.php?rest_route=\/wp\/v2\/users\/1"}],"replies":[{"embeddable":true,"href":"https:\/\/christianullmann.de\/index.php?rest_route=%2Fwp%2Fv2%2Fcomments&post=51"}],"version-history":[{"count":4,"href":"https:\/\/christianullmann.de\/index.php?rest_route=\/wp\/v2\/pages\/51\/revisions"}],"predecessor-version":[{"id":311,"href":"https:\/\/christianullmann.de\/index.php?rest_route=\/wp\/v2\/pages\/51\/revisions\/311"}],"up":[{"embeddable":true,"href":"https:\/\/christianullmann.de\/index.php?rest_route=\/wp\/v2\/pages\/20"}],"wp:attachment":[{"href":"https:\/\/christianullmann.de\/index.php?rest_route=%2Fwp%2Fv2%2Fmedia&parent=51"}],"curies":[{"name":"wp","href":"https:\/\/api.w.org\/{rel}","templated":true}]}}