{"id":189,"date":"2020-05-05T15:29:39","date_gmt":"2020-05-05T15:29:39","guid":{"rendered":"https:\/\/christianullmann.de\/?page_id=189"},"modified":"2020-05-05T15:33:03","modified_gmt":"2020-05-05T15:33:03","slug":"anleitungen-tutorials","status":"publish","type":"page","link":"https:\/\/christianullmann.de\/?page_id=189","title":{"rendered":"Anleitungen \/ Tutorials"},"content":{"rendered":"\n<p>In diesem Kapitel stehen ein paar Anleitungen f\u00fcr etwas kompliziertere Bedienabl\u00e4ufe, die dabei helfen sollen, den \u00dcberblick nicht zu verlieren.<\/p>\n","protected":false},"excerpt":{"rendered":"<p>In diesem Kapitel stehen ein paar Anleitungen f\u00fcr etwas kompliziertere Bedienabl\u00e4ufe, die dabei helfen sollen, den \u00dcberblick nicht zu verlieren.<\/p>\n","protected":false},"author":1,"featured_media":0,"parent":18,"menu_order":25,"comment_status":"closed","ping_status":"closed","template":"","meta":[],"_links":{"self":[{"href":"https:\/\/christianullmann.de\/index.php?rest_route=\/wp\/v2\/pages\/189"}],"collection":[{"href":"https:\/\/christianullmann.de\/index.php?rest_route=\/wp\/v2\/pages"}],"about":[{"href":"https:\/\/christianullmann.de\/index.php?rest_route=\/wp\/v2\/types\/page"}],"author":[{"embeddable":true,"href":"https:\/\/christianullmann.de\/index.php?rest_route=\/wp\/v2\/users\/1"}],"replies":[{"embeddable":true,"href":"https:\/\/christianullmann.de\/index.php?rest_route=%2Fwp%2Fv2%2Fcomments&post=189"}],"version-history":[{"count":1,"href":"https:\/\/christianullmann.de\/index.php?rest_route=\/wp\/v2\/pages\/189\/revisions"}],"predecessor-version":[{"id":190,"href":"https:\/\/christianullmann.de\/index.php?rest_route=\/wp\/v2\/pages\/189\/revisions\/190"}],"up":[{"embeddable":true,"href":"https:\/\/christianullmann.de\/index.php?rest_route=\/wp\/v2\/pages\/18"}],"wp:attachment":[{"href":"https:\/\/christianullmann.de\/index.php?rest_route=%2Fwp%2Fv2%2Fmedia&parent=189"}],"curies":[{"name":"wp","href":"https:\/\/api.w.org\/{rel}","templated":true}]}}